- v = -m, -2*m = -2*j + 44. What is the units digit of j?
0
Let l = -10 + 18. Let a(n) be the third derivative of -n**5/30 + 19*n**4/24 - 3*n**3/2 - 12*n**2. What is the units digit of a(l)?
5
Suppose 0 = 27*l - 30*l + 72. Suppose -l*z + 23*z = -91. What is the units digit of z?
1
Suppose 2*i = -2*m + 1782, -3*m - 4*i = -1210 - 1462. What is the tens digit of m?
9
Let s(c) = c**3 + 10*c**2 - 11*c + 3. Let j be s(-11). Let a(d) = d + 2. Let t be a(j). Let l = 17 - t. What is the tens digit of l?
1
Suppose 5*y + 4 = -4*l, 4*y - 2*l = -0*l + 2. Suppose y = -k - 0*k - 2*f - 10, k = -3*f - 14. What is the tens digit of (1 + 3)*(-7)/k?
1
Let f(g) = g**3 + 5*g**2 - g + 9. Let z be f(-3). Suppose 5*p - w = 41, w - 70 = -4*p - z. What is the units digit of p?
9
Suppose -g - 4 = -3*g. Let r be g/4 + 637/14. Let a = 79 - r. What is the tens digit of a?
3
Let t be (10/6)/((-8)/(-48)). Suppose -3*p = -a - 271, -5*p = -t*p - 3*a + 461. What is the tens digit of p?
9
Let v(m) = 2*m + 661. What is the units digit of v(47)?
5
Let t(q) = 9*q + 33. Let f be t(19). Let b = f + -143. What is the tens digit of b?
6
Let o(c) = -5*c + 1. Let h be o(-1). Suppose 5*j + h = -9. What is the units digit of (16/4 + -13)*j?
7
Suppose 0*g = 4*p - 3*g - 10, -2 = 2*p - 5*g. Suppose -4*v + 2*b = -176 + 18, -5*v + 165 = p*b. What is the units digit of v?
7
Let m(p) = -p**3 - p**2 + 8*p + 2071. What is the tens digit of m(0)?
7
Let x(z) = 49*z + 54 - 14 - 50*z. What is the tens digit of x(5)?
3
Let w be (-38)/209 - 24/(-11). Suppose -4*v + 3*v - w*n = -53, 0 = -v + 5*n + 67. What is the units digit of v?
7
Let n(m) = 5*m**2 + 63*m + 23. What is the units digit of n(13)?
7
Let h(c) = c**2 + 11*c + 2. Let r be h(-11). Suppose -r*x - i + 334 = 0, -6*i = 3*x - 5*i - 499. What is the units digit of x?
5
Suppose 80 = 59*f - 57*f. Suppose 0*u + 4*u - f = 0. What is the units digit of u?
0
Let n = 1 - 11. Let y(b) = b**3 + 10*b**2 - 6*b - 4. Let m be y(n). Suppose 0 = -2*z + m + 40. What is the tens digit of z?
4
Suppose -2*t + 1431 = -1297. What is the tens digit of t?
6
Let g = -40 + 37. What is the units digit of ((-7)/(7/2))/(-4 - g)?
2
Suppose 2*g = -2*f + 1902, 3*f = -2*f - 4*g + 4756. What is the units digit of f?
2
Let x(a) = -11*a**3. Let o = -14 + 19. Suppose 10*i - 3*w = o*i - 8, 4*i + w + 3 = 0. What is the tens digit of x(i)?
1
Suppose 3*l + 10 = -2*l. Let f be l/2*(-3)/3. What is the units digit of (f/2)/(8/528)?
3
Let r(f) = 5*f - 14. Let p be r(10). Suppose -4*q - 3*b = -p, 5*q - 5*b = -0*q + 80. What is the tens digit of q?
1
Suppose -4*a = 5*c - 17, -39 = -3*a - 0*c + 5*c. Let p be (4/(-5) - 0)*(-20)/8. Suppose -38 = -p*b + a. What is the units digit of b?
3
Suppose -3*d = 7 - 19. Let a be 19*(-3)/(7 - d). Let v = 3 - a. What is the units digit of v?
2
Suppose j = 2*u - 112, 3*j = -u + 43 - 1. Suppose 6*t + 10 = 8*t. Suppose -2*k + t*k = u. What is the units digit of k?
8
Let s = -102 + 66. Let k be s/(-24)*(-4)/6. What is the units digit of k/(-2) + (-20)/(-8)?
3
Suppose 0*u + 6*u - u = 0. Suppose b - 3*b = -2*m, 4*m + 4*b - 32 = 0. Suppose -m*c + 0*c + 120 = u. What is the units digit of c?
0
Let a = -1 - 27. Let p = 103 + a. What is the units digit of p?
5
Let x = 1319 - -1030. Suppose 7*u + 207 = x. What is the units digit of u?
6
Let v = -1 + -3. Let y = 29 + 58. What is the units digit of -1*v/(12/y)?
9
Suppose q = -3*q + 280. Let h = q + -25. What is the units digit of h?
5
Let c be 4/(-10) - 68/(-20). Suppose 0 = -5*t, 0*q + c*q + 2*t - 3 = 0. What is the units digit of 3 - 2 - (q - 11)?
1
Suppose -2*z + 16 = 2*y + z, -z + 2 = -y. Suppose -29 = -y*k + 55. What is the units digit of k?
2
What is the units digit of -2 - 9/(36/(-40))?
8
Let v(u) = u**2 - u - 1. Let c be v(3). Suppose -5*y - 4*d + 24 + 17 = 0, 0 = 2*y - c*d + 10. Suppose 0 = -0*t - y*t + 40. What is the units digit of t?
8
Suppose 0 = 104*l - 109*l + 3190. What is the tens digit of l?
3
Let r(v) = v + 5. Suppose 0 = -3*i + 8*i - 5*d + 5, i - 3*d = 3. Let p be r(i). Suppose -4*z + p*y + 3*y = -18, 4*y = -8. What is the units digit of z?
2
Let c(q) = -3*q + 1. Let k be c(-1). Suppose -k = -2*f - 10. Let p = f + 6. What is the units digit of p?
3
Let x(d) = -66*d + 160. What is the thousands digit of x(-13)?
1
Let s(z) be the first derivative of 31*z**2/2 - 35*z + 47. What is the units digit of s(7)?
2
Let u(k) = 2*k**2 - 11*k + 32. Suppose 3*m + 0*m + 1 = -5*f, 5*m - f = 45. What is the tens digit of u(m)?
7
Let t(l) = 4*l**3 - l**2 + 7*l + 3. What is the units digit of t(5)?
3
Let s(w) = -10*w**3 - 13*w**2 - 47*w + 10. What is the thousands digit of s(-5)?
1
Let v = 536 - 344. What is the units digit of v?
2
Let r(g) = g**3 - 6*g**2 - 3*g + 2. Let a be (3 - 3) + 4 + 3. Let c be r(a). Let l = c - 5. What is the tens digit of l?
2
Let z be (-146)/4 - (-1)/2. Let u = -107 + 41. Let l = z - u. What is the units digit of l?
0
Suppose 0*h + 31 = 2*h + 5*t, -4*h - 3 = -3*t. Let q = h + 38. What is the tens digit of q?
4
What is the units digit of ((-10)/15*93)/(18/(-297))?
3
Let u(g) = -279*g**3 + g**2 - 2*g - 2. What is the units digit of u(-1)?
0
Suppose 2*u - 10 = 6. Suppose -2*a + u*a = -90. Let v = -12 - a. What is the units digit of v?
3
Let k be (6/(-4))/(((-54)/(-12))/(-9)). What is the units digit of k/(-8) - 1*1939/(-8)?
2
Let i = -10 - -14. Let z(b) = -5 - i - 2*b + 4 + 3 + 5*b**2. What is the tens digit of z(-2)?
2
Let w = 188 + 553. What is the units digit of w?
1
Let a = 228 + -130. Suppose 2*u - 159 = -u + 2*g, -4*g - a = -2*u. What is the tens digit of u?
5
Let v = -1546 - -3521. What is the tens digit of v?
7
Suppose -5*y + 83 + 27 = 0. Let r be y/(-99) - 58/(-18). Suppose 2*p - c = -1, -r*p + 7*c - 9 = 4*c. What is the units digit of p?
2
Suppose -599 = 3*j + 1903. What is the tens digit of (-6)/(-4)*j/(-9)?
3
Let c be (0 + 1)/((-2)/(-102)). Let m = 86 - c. What is the units digit of m?
5
Let l(i) = 998*i**3 - 3*i**2 - 1. What is the units digit of l(1)?
4
Let q(f) = -200*f**3 - f**2 + 4. Let w be q(-2). Suppose 5*r + 250 - w = 0. What is the units digit of r?
0
Suppose -72 = -2*p - p. Let y = 15 + p. What is the units digit of y?
9
Let q(d) be the first derivative of -d**3/3 + 15*d**2/2 + 15*d + 15. What is the tens digit of q(7)?
7
What is the hundreds digit of 685 + 34/(-8) + 18/72?
6
Suppose -14*l + 11*l = -3*d - 2025, 0 = 3*l + 2*d - 2020. What is the hundreds digit of l?
6
Let l be 5/(-5)*2 - (-7)/1. Suppose 0 = l*s - 14*s + 468. What is the units digit of s?
2
Let p(r) = r. Let q(g) = 10*g. Let o(t) = -65*p(t) + 6*q(t). Let y be o(-3). What is the tens digit of (-12)/6*y/(-2)?
1
Let d(h) = 20 + 8 - h - 6. What is the units digit of d(6)?
6
Let w be -1 + -3 + (-2 - -19). Suppose 0 = -w*p + 8*p + 175. What is the tens digit of p?
3
Let k be (787 - 1)/3 - -2. Let s = k - 186. What is the units digit of s?
8
Let g = 78 + -70. Suppose g = 2*m - 6. What is the units digit of m?
7
Suppose 0 = -5*x - 5*b + 4700, -2654 = -3*x + 4*b + 152. What is the units digit of x?
8
Let l = 116 + -32. Let g be l/9 + 6/9. What is the tens digit of (-15)/g + (-99)/(-2)?
4
Let d = 182 + -87. What is the tens digit of d?
9
What is the units digit of (363 + (0 - 4))*2?
8
Let a(v) be the second derivative of -5*v**4/12 - v**3/6 + 8*v. Let z be a(1). What is the units digit of (312/65)/(z/(-20))?
6
Let c be (3/(-4))/((-16)/64). Let x be ((-20)/c)/5*-3. Suppose 222 = x*h - 2. What is the units digit of h?
6
What is the units digit of (0 - 2/11) + (-2559557)/(-1573)?
7
Suppose -3*j - o = -1486, j + 3*j + 2*o - 1978 = 0. Suppose 4*h - 2*x - 172 = 226, 0 = -5*h + 3*x + j. What is the units digit of h?
0
Let o = -182 + 412. What is the tens digit of o?
3
Let o(k) = 91*k**2 - 54*k + 9. What is the hundreds digit of o(6)?
9
Let j(m) = -3*m - 15. Let h be j(-6). Suppose -h*a - 47 = -5*g - 2*a, -52 = -4*g - 4*a. What is the tens digit of g?
1
Let l(s) = s - 16. Let a be l(19). Suppose -9 = -a*d + 18. What is the units digit of d?
9
Let r(n) = -n**3 + 9*n**2 + 17*n + 1. Let b(t) = t**3 - 8*t**2 - 16*t. Let z(f) = 6*b(f) + 5*r(f). What is the units digit of z(6)?
7
Let s be ((-1)/(-2))/(1/(-34)). Let l be s/6 - (-3)/(-18). What is the tens digit of (l/(-9))/((-2)/(-90))?
1
Suppose r - v + 71 = 0, -6*v = 5*r - v + 395